. Let l be h(1). What is p(l)?
8
Let x = 9 + -5. Let a(v) be the first derivative of 0*v - 3*v + v**2 - 4*v**2 + x*v + 3. What is a(2)?
-11
Let j(n) = 4 - 2*n**3 + 9*n**3 - 3*n**2 + 5. Let s(i) = 3*i**3 - 2*i**2 + 4. Let m(q) = 2*j(q) - 5*s(q). Let p be (8/(-3))/((-4)/6). What is m(p)?
-2
Let g(l) = l**3 - 6*l**2 + 6*l - 2. Suppose 5*h + 24 = 2*h. Let u = h - -13. Suppose -2*z - z + u*j = -5, -z + 3*j - 1 = 0. Determine g(z).
3
Let a(z) = z**3 + 1. Let t(k) = k**3 + 4*k**2 - 5*k + 2. Let j be 17/(-3) + 8/12. Let x be t(j). Let r be (3/(9/(-6)))/x. What is a(r)?
0
Let f(k) = -k**2 - 5*k - 6. Suppose 1 = -2*r + 7. Suppose r*a - 4 = 4*a. Give f(a).
-2
Let s = 4 - 0. Let g(k) = 3*k**2 + 8*k - 3. Let q(c) = 2*c**2 + 7*c - 2. Let i(u) = 3*g(u) - 4*q(u). Determine i(s).
-1
Let h(z) = z + 3. Suppose -2*s = -0*s, 5*w + s + 5 = 0. Let t = 4 + w. Calculate h(t).
6
Let n(h) = h**2 + 2*h - 6. Let j be n(-5). Let q = j - 10. Let k(t) = 5*t. Let x(b) = b. Let w(g) = k(g) - 6*x(g). Determine w(q).
1
Let n be ((-3)/(-2))/(5/10). Let k = n + -3. Let d be (2/4 - k)*-2. Let j(h) = 7*h - 1. What is j(d)?
-8
Let m be 10 - 9/(1 - -2). Let t = m - 11. Let i(h) = -h**2 - 4*h - 6. Give i(t).
-6
Let t(v) be the second derivative of -v**2 + 2*v + 1/120*v**6 + 1/12*v**5 + 1/24*v**4 + 0 + v**3. Let k(q) be the first derivative of t(q). Give k(-5).
1
Let r(d) be the first derivative of -2 + 1/4*d**4 + d**3 + 1/2*d**2 - 3*d. Determine r(-3).
-6
Let z(m) = -6 + 5 - 2 + 3*m + 0*m. Give z(-6).
-21
Let z(d) = 2*d + 5. Let n(u) = 3*u + 7. Suppose -4*j + 30 = 2*b, 0*j + 27 = 4*j + 5*b. Let l(q) = j*z(q) - 5*n(q). Determine l(4).
9
Let v(x) = 10*x**2 - 22*x**2 + 2 + 0*x - 2*x + 11*x**2. Give v(-4).
-6
Let d = -5 + 8. Let a = 1 + d. Let o(s) = -2*s - 2. What is o(a)?
-10
Let r(a) = 3*a + 3. Let y(s) = 1. Let p(z) = r(z) - 3*y(z). Suppose 5*g - g = 3*b + 2, -3*b + 6 = 0. Determine p(g).
6
Let z be (-8)/(-2) + (4 - 6). Let q(d) = 5*d**2 - 2*d**2 + d - 2*d**2 - 1 - 2*d**z. Suppose 0*y - y + 3 = 0. Determine q(y).
-7
Let z(d) = 14*d - 3. Let g(t) = -7*t + 2. Let h(k) = -5*g(k) - 3*z(k). Let s be 9/6 + (-2)/4. Determine h(s).
-8
Suppose -4*p = p - 30. Let r(o) = 5 + 4*o - 9 + p. Suppose 0 = 2*u + 4*t + 12, 3 - 1 = 4*u - 5*t. Give r(u).
-6
Let y(v) = -3*v**2 - 3*v + 7*v - 2 - v. Suppose 2*m + 2*m = -24. Let k = 8 + m. Determine y(k).
-8
Let d(m) = -4*m**3 + 6*m**2 + 3*m - 4. Let t(r) = 7*r**3 - 12*r**2 - 5*r + 8. Let w(i) = 5*d(i) + 3*t(i). Let n be -1*1 + -9 + 16. Give w(n).
4
Let c be 14/4 - 2/(-4). Let u(p) be the first derivative of -p**4/4 + 4*p**3/3 + p**2/2 - 3*p - 2. What is u(c)?
1
Let z = -3 - -9. Let r(d) = d**3 - 6*d**2 + d - 3. Give r(z).
3
Let h be 2 - (0 + 0)/(-2). Let y(d) = -2*d - d**h + 9 - 3 + 6*d. Give y(5).
1
Let c be (6 + -4)*10/4. Let u = 15 - 10. Let n(l) = -u + 5*l - 1 - l**2 + 1. Calculate n(c).
-5
Suppose -2 = -2*p + 2. Let c(g) = g - 1 + 4*g**2 - g**2 - 4*g**2. Let a(u) = -u**3 + 4*u**2 - 2*u + 1. Let k(j) = p*c(j) + a(j). Determine k(2).
-1
Let t(n) = -5*n - 1. Let p(y) = -y**3 + 6*y**2 - y + 7. Let c be p(6). Let k(i) = 1. Let r(v) = c*t(v) + 2*k(v). Determine r(1).
-4
Let z(j) be the first derivative of j**2/2 - 5*j + 16. Give z(0).
-5
Let j(u) = -u**2 - 3 - 3*u + 0*u**2 + 0*u - u. Suppose 3*y - 6*y - 3 = 3*w, 2*y + 3*w + 6 = 0. Suppose -5*t + 2*t - v - 13 = 0, 0 = 4*t - y*v. Determine j(t).
0
Let q(a) be the third derivative of a**5/60 - 7*a**4/24 - a**2. What is q(6)?
-6
Let o(x) = 489*x - 4 - 495*x + 0 - x**2. Determine o(-5).
1
Let a(n) be the third derivative of -n**6/120 - n**5/60 + n**3/6 + 2*n**2 + 17. Give a(-1).
1
Let c = 18 - 32. Let r be (-4)/(-14) + 4/c. Let i(x) be the first derivative of -x**2/2 - 3*x + 9. Determine i(r).
-3
Let j(b) = -16*b**3 + 31*b - 31*b. Calculate j(-1).
16
Suppose 0*h + 5*h = 10. Suppose -4*o = 3*i + 34, 3*i - 7*i = -h*o + 38. Let v be (3/2)/((-5)/i). Let r(b) = -b**2 + b + 2. Calculate r(v).
-4
Let v(s) = -4*s - 15. Let k(u) = 9*u + 31. Let x(b) = 3*k(b) + 7*v(b). Determine x(-6).
-6
Let c(w) = 7*w**2 + w - 11. Let f(j) = -20*j**2 - 4*j + 32. Let r(o) = -17*c(o) - 6*f(o). Calculate r(-7).
-5
Let c = -80 - -87. Let l(h) = h**2 - 10*h + 7. Give l(c).
-14
Let i(y) = y**2 - 6*y + 6. Let w = -7 - -8. Let z = w + 5. Give i(z).
6
Let y(z) = -3*z - 6. Let x(i) = -10*i - 18. Let k(m) = -5*x(m) + 16*y(m). Let q(v) = v. Let p(c) = k(c) - 3*q(c). Give p(-3).
-3
Let d(c) be the second derivative of c**4/12 - 3*c**3/2 + c**2/2 - 59*c. Calculate d(5).
-19
Suppose -55 = -4*h - 7. Suppose -2*a - a = -h. Let s(o) = 5*o - o - 3*o + 5. Give s(a).
9
Let h(b) = -3*b**2 - 3*b**3 + 2*b**2 + b - 2*b**3. Suppose 0 = -y + 3. Let k(f) = -f**2 + 2*f + 4. Let t be k(y). Determine h(t).
-5
Let h(m) = 105 - 205 + 8*m - m**3 - 5*m**2 + 107. Determine h(-6).
-5
Let i(l) = -l - 1. Let h be ((-12)/10)/(7/35). What is i(h)?
5
Suppose 2*o - 14 = -2. Suppose -5*a + 4*j = -24, -a + 7 = 2*j - 9. Let l = o - a. Let d(x) = -x**3 - 2*x**2 + 1. What is d(l)?
1
Let g(t) = 0*t**2 + t + 7 + 7*t + t**2. Give g(-6).
-5
Let v(w) = -w**2 + 5*w + 0*w**2 + 2*w**2. Suppose -4*r = 23 - 11. Calculate v(r).
-6
Let r(f) = f**3 - 3*f**2 - 3*f - 2. Let d be -6 + 2/1 + -3. Let s = d + 11. Calculate r(s).
2
Let s(c) = 0*c**2 - 2*c + c**2 + 0*c**2 + c + 1. Let h be s(2). Suppose -t = 3*t + h*m, -t = 3*m. Let q(g) = g - 2. Give q(t).
-2
Let v(h) = -h + 12. Suppose 0 = -l + 4*l + 126. Let m be (-4)/(-12) + l/(-9). What is v(m)?
7
Let p(b) = 0*b**2 - b**2 - 13 - 4*b + 5 + 11. Calculate p(-5).
-2
Let q be 1 - (-1 - (-1 - -2)). Let a(b) = 5*b**q - 5*b**3 + 2*b**3 + 1 - 2*b**2 - 2*b. Determine a(2).
5
Let m(h) be the first derivative of 3*h**2/2 - 5*h - 2. Let c(k) = 5*k - 8. Let w(x) = -5*c(x) + 8*m(x). Let b = -3 + 1. Determine w(b).
2
Suppose n - 4*n + 12 = 0. Let k(v) = -3*v**2 - 5*v - 5. Let y(z) = -4*z**2 - 8*z - 7. Let i(x) = 7*k(x) - 5*y(x). Determine i(n).
4
Let w = 13 + -13. Let m(v) be the third derivative of -1/6*v**3 + 0*v + 1/12*v**4 + v**2 + w. What is m(1)?
1
Let c(p) be the second derivative of p**3 + p**2/2 - 22*p. Determine c(2).
13
Let u = 67 + -64. Let n(a) be the third derivative of -1/24*a**4 + 2/3*a**3 - u*a**2 + 0*a + 0. Determine n(-4).
8
Suppose -135 = -3*c - 2*c. Suppose -5*b + c = 7. Let t(f) = f**2 + 2 - 3*f + 3 - 4. Calculate t(b).
5
Let v(k) = -5*k - 35. Let p be v(-6). Let x(n) = n**2 + 7*n. Calculate x(p).
-10
Let q(h) = -h**3 + 14*h + 9. Let k be q(4). Let d(u) = -2*u**2. Calculate d(k).
-2
Let b(g) = g**3 + 3*g**2 + 3*g + 5. Suppose -q = -5 + 7. Let x be b(q). Let i(z) be the second derivative of -z**5/20 + z**4/3 - 2*z**3/3 + z. Give i(x).
-3
Let u(p) = p**3 + 6*p**2 + 6*p + 5. Let x be u(-5). Suppose 3*a = 2*m + 10, 7*a + 5*m = 3*a + 44. Suppose x = 5*s - 9 - a. Let g(c) = c - 5. Give g(s).
-2
Let h(t) = t**2 + 3*t - 2. Let f(s) be the third derivative of -s**4/24 - 5*s**3/6 - 2*s**2. Let r be f(-4). Let k be r*(-12)/(3*-1). Give h(k).
2
Let k(c) = 2*c**2 - 5. Let o(l) be the second derivative of l**4/12 - 2*l**2 - 9*l. Let d(j) = -2*k(j) + 3*o(j). What is d(2)?
-6
Let f(v) = -v**2 - 6*v - 2. Let x be f(-5). Let n(q) = -3*q**2 - q + 3*q**2 - 3*q**x. Let b(y) = 2*y - 9. Let k be b(4). What is n(k)?
4
Let v(j) = -2*j + 1. Let h(u) = u**2 + 2*u. Let o be (-3)/(1 + 2/(-1)). Let c(z) = o*v(z) + 2*h(z). Calculate c(2).
7
Let y(m) = m**2 - 3*m + 2. Suppose 10 = t + 4. Determine y(t).
20
Suppose 4*f = -4*y + 2*f + 14, 19 = 5*y + f. Suppose a = 5*n - 4 - 26, -a = -y*n + 24. Let l(g) = g - 5. Let r(w) = -1. Let p(z) = n*r(z) - l(z). Give p(-2).
1
Suppose -3*u = 5*o, 0 = 4*o + o - 15. Let n(c) be the third derivative of -5/6*c**3 - 5/24*c**4 + c**2 - 1/10*c**5 + 0*c - 1/120*c**6 + 0. Give n(u).
-5
Let g be 2*4/(-16)*0. Let v be (0 + g/4)/1. Let l(i) be the second derivative of i**3/6 + 7*i**2/2 + i. What is l(v)?
7
Let k be 3/(-4 - -1)*-1. Let i(m) be the first derivative of k - 4*m - 3 - m**2 + 0. Determine i(-3).
2
Suppose -2*d - d = -18. Let h(c) = 1 - 6 + 3 + 0*c + c**2 - 5*c. What is h(d)?
4
Let j(a) = a - 2 - a**2 + 3 + a**3 - 5 + 2. Give j(2).
4
Suppose 0 = -44*q + 52*q - 24. Let p(l) be the second derivative of l**3/6 - l. Calculate p(q).
3
Suppose 11 = -4*m - 5*f - 24, -4*f = 2*m + 22. Let x = m + 1. Let v(o) = -o**3 - 5*o**2 - 5*o - 3. What is v(x